 276. What is j(34)?
-30
Let d(c) = -2*c**2 - 10*c + 109. Determine d(17).
-639
Let f(x) = -x**3 + 26*x**2 - 45*x + 34. Calculate f(24).
106
Let y(c) = c**2 - 18*c - 37. Determine y(17).
-54
Let s(g) = 312*g**3 - 2*g**2 + 2*g + 2. Give s(1).
314
Let i(a) = 2148*a - 15054. Determine i(7).
-18
Let w(n) = -129*n + 2447. Give w(19).
-4
Let o(q) = 18*q - 9. Determine o(-15).
-279
Let i(l) = 2*l**2 + 2008*l - 13. Determine i(0).
-13
Let s(w) = -36*w - 225. Calculate s(-6).
-9
Let s(b) = b**3 + 87*b**2 - 4*b - 374. Calculate s(-87).
-26
Let n(r) = -r**3 + 42*r**2 - 41*r - 48. Calculate n(41).
-48
Let h(c) = -2*c**3 - 25*c**2 + 145*c + 1952. Calculate h(-10).
2
Let m(g) = -20*g + 981. Determine m(53).
-79
Let f(m) = -m**3 - 16*m**2 - 23*m - 25. What is f(-13)?
-233
Let c(o) = -16*o**2 + 364*o + 112. Determine c(23).
20
Let l(y) = 8*y**2 - 8*y - 1669. Calculate l(15).
11
Let l(a) = 4*a - 147. What is l(-14)?
-203
Let c(v) = 45*v - 18. Give c(-7).
-333
Let p(s) = -34*s**2 - 338*s + 21. Give p(-10).
1
Let a(g) = -581*g + 4072. Calculate a(7).
5
Let d(w) = -2*w**2 + 123*w - 1568. Calculate d(18).
-2
Let l(j) = -j**3 + 28*j**2 + 61*j + 139. Give l(30).
169
Let y(l) = l**3 + 3*l**2 + 15*l + 21. Calculate y(-5).
-104
Let f(a) = -a**2 - 108*a - 2461. Calculate f(-33).
14
Let w(y) = 43*y + 291. Give w(-7).
-10
Let g(b) = -16*b**2 - 21*b - 12. Determine g(-2).
-34
Let q(t) = 18*t + 476. What is q(-27)?
-10
Let n(d) = d**2 + 2*d - 10213. What is n(-102)?
-13
Let h(g) = -3*g**3 - 15*g**2 - 6*g + 28. Calculate h(-7).
364
Let p(m) = 3*m**3 + 7*m**2 - 65*m - 135. Give p(-2).
-1
Let n(g) = -54*g - 125. Calculate n(0).
-125
Let v(b) = -b**3 + 16*b**2 - 12*b + 8. Determine v(15).
53
Let x(j) = j**3 + 15*j**2 + 71*j - 26. Determine x(-12).
-446
Let j(y) = 429*y - 18081. What is j(42)?
-63
Let m(b) = 5*b**2 + 247*b + 796. Calculate m(-46).
14
Let i(w) = 6*w - 34. Determine i(16).
62
Let c(h) = 7*h**2 - 198*h + 39. Determine c(28).
-17
Let d(r) = -229*r - 2510. Give d(-11).
9
Let r(y) = -51*y**2 - 760*y - 2813. What is r(-8)?
3
Let q(k) = k**2 + 8*k - 103. Calculate q(7).
2
Let m(j) = -j**3 + 2*j**2 + 4*j + 7. What is m(4)?
-9
Let o(m) = m**2 - 300*m + 3993. Determine o(14).
-11
Let a(t) = -727*t + 4371. What is a(6)?
9
Let p(d) = -144*d + 14120. Determine p(98).
8
Let y(c) = 94*c - 1206. What is y(10)?
-266
Let x(q) = 10*q - 141. Calculate x(22).
79
Let o(d) = -10*d**2 - 68*d - 124. What is o(-2)?
-28
Let s(o) = -7*o + 243. What is s(31)?
26
Let k(o) = 110*o + 218. Calculate k(-2).
-2
Let t(g) = -g**3 + 44*g**2 + 144*g - 150. Calculate t(47).
-9
Let r(p) = p**3 - p**2 - 2*p - 18. Give r(0).
-18
Let a(x) = -2*x**3 - 57*x**2 + 33*x + 107. Determine a(-29).
-9
Let p(d) = -d**2 - 43*d + 334. Calculate p(-49).
40
Let r(l) = -3*l**3 - 44*l**2 - 27*l + 4. Determine r(-14).
-10
Let q(h) = h**3 + 20*h**2 - 11*h - 111. What is q(-19)?
459
Let t(q) = -q**2 + q - 5. Calculate t(-7).
-61
Let a(c) = c + 57. What is a(-43)?
14
Let z(r) = -73*r - 1023. Calculate z(-23).
656
Let f(i) = -i**3 - 61*i**2 + 332*i + 74. Determine f(-66).
-58
Let o(w) = 2*w**2 + 33*w - 167. Give o(7).
162
Let i(t) = -2030*t - 16237. Calculate i(-8).
3
Let l(d) = d**3 - 16*d**2 - 93*d + 271. Calculate l(20).
11
Let g(v) = v**3 + 68*v**2 + 130*v - 163. Calculate g(-66).
-31
Let p(h) = -1711*h + 1716. Determine p(1).
5
Let z(t) = -63*t**3 - 4*t**2 + 2*t + 3. Give z(1).
-62
Let c(g) = 22*g**2 + 260*g + 183. Calculate c(-11).
-15
Let w(a) = 37*a + 1478. Determine w(-39).
35
Let y(d) = -7*d**2 - 57*d - 332. Determine y(-7).
-276
Let l(s) = 1210*s + 1209. Give l(-1).
-1
Let i(l) = 3*l**2 - 90*l - 189. Calculate i(-2).
3
Let y(a) = -a**3 - 19*a**2 - 54*a + 7. Determine y(-16).
103
Let b(j) = j**3 + 87*j**2 - 179*j + 12. Give b(2).
10
Let n(p) = -4*p**2 + 58*p + 101. What is n(16)?
5
Let n(i) = -6*i**2 + 215*i - 180. Calculate n(35).
-5
Let c(h) = -h**2 - 43*h + 54991. Give c(-257).
-7
Let m(k) = -383*k + 11914. Determine m(31).
41
Let o(z) = -z**2 + 340*z - 5808. Calculate o(18).
-12
Let x(f) = -f**2 - 85*f + 1387. Give x(-99).
1
Let u(v) = 120*v - 10528. Determine u(88).
32
Let j(p) = 5*p**2 - 9*p - 1. What is j(-2)?
37
Let r(f) = -f**3 - 20*f**2 + 7*f + 96. Give r(-20).
-44
Let v(m) = 255*m + 1883. Determine v(-8).
-157
Let r(n) = n**3 - 27*n**2 + 143*n - 286. Give r(21).
71
Let t(h) = -310*h - 3723. Give t(-12).
-3
Let d(h) = -6*h**2 - 49*h - 65. Give d(-8).
-57
Let b(r) = -8*r**2 + 82*r + 636. Give b(-7).
-330
Let h(j) = 2*j**2 - 41*j - 3. Determine h(2).
-77
Let c(v) = -176*v + 521. Calculate c(3).
-7
Let q(r) = 85*r - 21. Determine q(-1).
-106
Let q(k) = k**3 - 11*k**2 - 52*k + 543. Calculate q(11).
-29
Let s(t) = t**3 - 18*t**2 - 594*t - 30. Calculate s(35).
5
Let p(t) = 342*t + 347. Calculate p(-1).
5
Let r(j) = 45*j + 2796. What is r(-63)?
-39
Let v(b) = -3*b + 44. What is v(34)?
-58
Let r(m) = -746*m + 23123. Calculate r(31).
-3
Let f(k) = 224*k - 4273. Determine f(19).
-17
Let a(b) = 6*b**2 + 38*b - 686. Determine a(8).
2
Let n(v) = v + 139. Give n(-46).
93
Let c(t) = 46*t**2 + 2. Determine c(2).
186
Let j(k) = -3*k**3 + 34*k**2 + 56*k + 126. Determine j(13).
9
Let p(o) = -o**3 + 14*o**2 - 27*o + 47. What is p(11)?
113
Let v(p) = p**3 + 61*p**2 - 186*p + 376. What is v(-64)?
-8
Let h(s) = s**3 - 33*s**2 + 201*s - 22. Calculate h(25).
3
Let u(v) = 13*v - 131. Determine u(-4).
-183
Let l(s) = -s**3 - 36*s**2 + 259*s - 18. Calculate l(6).
24
Let o(y) = 17*y + 178. Determine o(-17).
-111
Let r(b) = -2*b**3 - 5*b**2 + 79*b + 160. Determine r(-2).
-2
Let d(x) = -24*x**2 + 1722*x + 427. Determine d(72).
-5
Let s(d) = d**2 + 132*d - 2203. What is s(15)?
2
Let l(q) = -10*q**2 - 72*q + 82. Determine l(1).
0
Let n(r) = 43*r + 138. Calculate n(-7).
-163
Let h(t) = 14*t**3 + 743*t**2 + 64*t + 578. Calculate h(-53).
-5
Let i(j) = -j**2 + 4*j + 82. What is i(9)?
37
Let l(w) = w**3 - 10*w**2 + 192*w - 1927. Give l(10).
-7
Let u(g) = -27*g - 1854. Determine u(-69).
9
Let y(s) = -156*s**2 - 30*s - 20. What is y(-1)?
-146
Let n(z) = 6*z + 381. Calculate n(-64).
-3
Let r(a) = a**2 - 92*a + 1281. What is r(75)?
6
Let r(j) = -2*j**3 + 17*j**2 - 2*j + 20. Calculate r(9).
-79
Let v(t) = t**2 - 202*t + 1736. Give v(9).
-1
Let z(a) = -a**3 + 8*a**2 + 29*a + 39. Calculate z(11).
-5
Let m(r) = 5*r**2 + 15*r - 42. What is m(2)?
8
Let a(x) = -46*x**2 + 32*x + 30. Determine a(-1).
-48
Let y(b) = 2*b**3 - 99*b**2 - 48*b - 16. Give y(50).
84
Let g(d) = -d**3 - 36*d**2 + 76*d - 89. Determine g(-38).
-89
Let i(j) = -5*j**2 - 45*j + 656. Calculate i(-17).
-24
Let u(a) = 7*a**2 + 24*a + 116. What is u(-7)?
291
Let f(a) = 2*a**2 + 12*a + 6. What is f(6)?
150
Let m(q) = 8*q**2 + 49*q - 61. Give m(-7).
-12
Let d(i) = 2*i**2 - 75*i - 309. Calculate d(41).
-22
Let z(c) = -c**3 + 9*c**2 + 11*c + 13. Give z(10).
23
Let h(b) = -10*b**2 + 16*b - 27. Determine h(5).
-197
Let z(f) = 2*f**3 + 330*f**2 - 673*f - 822. Give z(-167).
13
Let q(v) = v**3 - 9*v**2 - 97*v + 813. Give q(10).
-57
Let b(r) = -1210*r + 9704. Give b(8).
24
Let v(s) = -s**3 + 9*s**2 + 26*s + 40. Give v(9).
274
Let m(b) = 3*b**3 + 7*b**2 - 2*b - 51. Determine m(-4).
-123
Let u(j) = 480*j - 2716. What is u(6)?
164
Let k(w) = -w**2 + 38*w - 266. Calculate k(13).
59
Let x(k) = 17*k - 181. Determine x(10).
-11
Let p(v) = 88*v + 2106. Give p(-24).
-6
Let v(g) = -2*g**2 - 94*g - 989. Determine v(-16).
3
Let t(l) = -10*l**2 + 131*l - 130. Calculate t(12).
2
Let w(i) = -3*i**3 + 10*i - 3. Give w(2).
-7
Let z(t) = -t**2 - 5182*t + 46697. Give z(9).
-22
Let h(q) = -5*q**2 - 91*q - 19. What is h(-18)?
-1
Let n(k) = 123*k + 1621. Calculate n(-13).
22
Let t(j) = -17*j - 88. What is t(-6)?
14
Let i(r) = -r**3 + 20*r**2 - 274*r + 3357. Give i(16).
-3
Let s(r) = r**2 + 16*r - 231. Calculate s(-24).
-39
Let x(c) = c**2 - 18*c + 26. Determine x(9).
-55
Let q(y) = 3*y + 34. Give q(69).
241
Let n(h) = h**3 - 7*h**2 + 25*h - 91. Calculate n(5).
-16
Let j(n) = 26*n - 2179. Calculate j(84).
5
Let t(p) = -147*p - 254. Determine t(-2).
40
Let z(a) = -12*a**3 + 2*a**2 - 17*a + 33. What is z(2)?
-89
Let k(x) = -x**2 + 47*x + 333. What is k(-6)?
15
Let t(j) = 7*j - 187. Calculate t(23).
-26
Let r(z) = z**3 + 20*z**2 + 75*z - 15. Give r(-5).
-15
Let o(v) = -v**2 - 10*v - 10. Calculate o(5).
-85
Let m(a) = 17*a